+ 8 - 2848*d**2 + 705*d**2 + 706*d**2 + d**3 + 711*d**2. Determine r(15).
-127
Let y(h) = h**3 + 10*h**2 + 5*h - 28. Suppose 5*a - 3*z = -39, 4*z + 10 - 20 = 2*a. Let x be y(a). Let t(b) = b**2 - 12*b + 38. Calculate t(x).
6
Let t(o) be the first derivative of -o**4/4 + 17*o**3/3 + 17*o**2/2 - 17*o + 231. What is t(18)?
-35
Let u(j) = -3*j - 1. Let b(d) = -11*d + 26. Let t(v) = -b(v) + 4*u(v). Give t(-10).
-20
Let m(v) = -8*v + 247. Suppose 7*d - z - 97 = 4*d, -4*z = 5*d - 139. Calculate m(d).
-1
Let g(o) be the second derivative of -21*o + 1/12*o**4 - 25/6*o**3 + 17/2*o**2 + 0. Let j be g(24). Let q(m) = -m - 9. What is q(j)?
-2
Let p(l) = 2*l**3 + 2*l**2 - 1. Let s be -1 + -3 - (-1 + -3 + 0). Suppose -12 = 4*a + 2*f, s = -3*f - f - 16. What is p(a)?
-1
Let y = 237 - 256. Let x(u) = -u**3 - 18*u**2 + 23*u + 76. Let c be x(y). Let b(i) = -2*i + 8. Calculate b(c).
8
Let v(w) = w**2 - 7*w - 13. Let p = -12 - 89. Let u = p - -77. Let s = -15 - u. What is v(s)?
5
Let f(l) be the second derivative of -3*l**4/4 - l**3/3 - l**2/2 - 3445*l. Calculate f(2).
-41
Let t(w) be the first derivative of -w**4/2 + 2*w**3 + 9*w**2/2 - 2*w + 1308. Calculate t(4).
2
Suppose 7*r = 16 - 58. Let s(n) = 4*n + 74. Let k(g) = -g - 14. Let a(d) = 16*k(d) + 3*s(d). What is a(r)?
22
Let a be (-2 + -2)/(16/(-3) - -4). Let w(d) = -79*d - 4. Let r(h) = 184*h + 8. Let l(v) = -3*r(v) - 7*w(v). Give l(a).
7
Let d = -4 - -6. Let i(f) = 49 + 26*f - 7*f**d - 10 + 2*f**2 + 15*f. Let b(y) = 2*y**2 - 14*y - 13. Let q(k) = -8*b(k) - 3*i(k). Give q(-9).
5
Let i = -2295 - -2292. Let l(d) = -1 + 2*d + d**2 + 2 + 3. Calculate l(i).
7
Let m(i) = 2*i - 4*i + 257114 - 257113. Let b = 12 + -8. Determine m(b).
-7
Let b(w) = -8*w + 4. Let u(h) = -4*h - 113. Suppose -10*o = -10 + 300. Let i be u(o). Give b(i).
-20
Let o(v) = -2*v**2 - 221*v + 2245. Let k be o(-120). Let x(g) = g**2 + 36*g + 46. What is x(k)?
11
Let z(g) = -9*g**2 - 7 - 3*g - 14 + 9*g**2 + 18 + 2*g**3. Calculate z(2).
7
Let t(y) be the first derivative of 3*y**2/2 + 2*y + 5. Suppose 8*d - 18 = 2*d. Suppose 8*s - 5*s = 4*b + 9, 0 = -s + 4*b + d. Determine t(s).
11
Suppose -50*u + 37*u - 65 = 0. Let v be -4 + (0 + u)*100/(-125). Let g(z) = -z - 15. Give g(v).
-15
Let z(x) be the second derivative of -x**5/20 + 7*x**4/3 + 14*x**3/3 + 10*x**2 - 60*x + 3. Determine z(29).
-9
Let x(c) = c**3 - 3*c**2 + 4*c - 2. Let r(y) = 17*y**2 + 26*y. Let d(g) = -8*g**2 - 13*g - 1. Let a(u) = 13*d(u) + 6*r(u). Let s be a(-5). Determine x(s).
2
Let g(r) = -r + 2. Let s(n) = -n + 2. Let o(w) = 4*g(w) - 5*s(w). Calculate o(6).
4
Let z be (-16)/(14 - -50) + (-41)/(-4). Let b(r) = 9 - 11 + z + 2 - 6*r. Determine b(3).
-8
Let q(m) be the second derivative of -m**3 - 106*m**2 + 2006*m. Determine q(-36).
4
Let w(u) = -39*u - 28. Let v be w(-1). Let m(h) = 4*h - 41. Give m(v).
3
Let d(g) = -3*g**2 - 5*g - 3 + 3 + 6. Let w(c) be the first derivative of c**3/3 + c**2/2 - c + 230. Let z(p) = -d(p) - 5*w(p). Give z(1).
-3
Let a(i) be the second derivative of i**5/20 + i**4/12 - i**3/3 - i**2 - 2501*i. Let z(n) = -n**2 + 6*n - 3. Let t be z(6). What is a(t)?
-14
Let z(i) = 2597*i + 12. Let u(a) = 820*a + 3. Let w(r) = -19*u(r) + 6*z(r). Let d(f) = -f**2 - 2*f + 3. Let l be d(3). What is w(l)?
-9
Suppose 309*v - 221*v + 6272 = -696*v. Let q(c) = 2*c**2 - 5*c**2 + 11 + 3*c**2 + 12*c + c**2. What is q(v)?
-21
Let l(u) = -2*u + 6. Let r = -447 + 527. Let v = 77 - r. What is l(v)?
12
Suppose 2*f + 24 = -5*m, -4*m + 3*m + 9 = 5*f. Let l(i) = 3136*i - 1570*i + 5 - 1564*i. What is l(m)?
-7
Let a = 221 - 224. Let b(n) = -4*n**3 + 5*n**3 - 7 + 3*n**2 - 274*n + 268*n - n**2. What is b(a)?
2
Let w(s) be the first derivative of -s**2/2 + 4*s - 6. Let v = -118 + 121. Suppose -6*c - v = -21. What is w(c)?
1
Let g(v) = 13*v**2 + 17*v + 3. Let a(u) = -29*u**2 - 33*u - 3. Let f(i) = -4*a(i) - 9*g(i). Determine f(-21).
-15
Let f = 2160 + -1357. Let b(v) = 16*v - f*v**2 + v**3 + 790*v**2 - 17 - v. What is b(12)?
19
Let o(g) be the second derivative of g**3/6 + 7*g**2/2 + g + 651. Determine o(6).
13
Let c(q) = q**3 + q**2 + q + 1. Let f(b) = 10*b + 2 + 10*b**2 - 4*b + 6*b**2 - 10*b**2. Let i(l) = c(l) + f(l). What is i(-6)?
-3
Let z(b) = 4*b - 40. Let i = -17611 - -17618. Give z(i).
-12
Let w(x) = x**3 + 2*x**2 - 2*x + 9. Let m be w(0). Suppose m = -6*g + 15*g. Let k(c) = -7*c + 1. Determine k(g).
-6
Suppose -4 + 8 = 2*w. Let z(u) = -3*u**w - u + 0*u**2 + 2*u**2. Let k be (4/(-42) + 24/252)/(-1). Give z(k).
0
Let t = -32204 + 32185. Let x(o) = o**3 + 33*o**2 + 267*o + 16. Calculate x(t).
-3
Let g(z) = -z**3 + 3*z**2 + 28*z + 9. Let s be g(7). Let h(j) = -3*j + 15 - s + 0*j - 1. Determine h(4).
-7
Let d = -66 - -56. Let h be (-3)/(-15) - (-72)/d. Let m be (-2)/7 - (-26)/h - 2. Let u(z) = -2*z - 9. What is u(m)?
3
Let p(k) = -51*k**2 + 2*k. Let i = -792 - -791. Calculate p(i).
-53
Let v(t) be the third derivative of 5*t**4/6 - 29*t**3/3 - 5340*t**2. Determine v(2).
-18
Let t(u) be the third derivative of u**7/84 + u**4/12 + u**3/2 + 2*u**2 + 10. Let o(l) be the second derivative of t(l). Calculate o(-1).
30
Let j(v) be the first derivative of -1/3*v**3 - v**2 + 3*v + 8. Give j(-3).
0
Let b(u) = -7*u**3 + 36*u**2 - 38*u + 41. Let g(a) = 20*a**3 - 6*a - 12*a - 23*a**3 + 6 + 14 + 17*a**2. Let c(z) = -2*b(z) + 5*g(z). What is c(12)?
-6
Suppose 207*r + 4*x = 210*r - 25, -32 = -5*r - 3*x. Let t(c) = -5*c - 9. Determine t(r).
-44
Let w = 6669 + -6689. Let l(g) = g**3 + 21*g**2 + 20*g - 20. Determine l(w).
-20
Suppose -h - c + 10 = 0, 3*c - 38 = -4*h - 2*c. Suppose 44 = h*y - y. Let a be 3/((-72)/y)*3*-6. Let m(g) = -2*g + 1. Calculate m(a).
-5
Let w(m) = m**3 + 9*m**2 - m + 5. Let d = -184 + 218. Let v be 1*(d/(-4) - 1/2). Give w(v).
14
Let g = -302 + 185. Let d = g + 118. Let x(b) = -178*b + 91*b - b**2 + d + 81*b. Give x(-3).
10
Let z(o) = -3*o + 2. Let n(y) = y**3 - 3*y**2 - 14*y + 2. Let g(r) = -n(r) + 4*z(r). What is g(-3)?
54
Let v(p) = 3*p**2 + 21. Let n(y) = y**2 - y + 2. Let o(x) = 4*n(x) - v(x). Let w(q) = -4*q**2 + 17*q + 53. Let d(t) = -9*o(t) - 2*w(t). Determine d(0).
11
Let h(n) = -3*n**2 + 93*n. Let p(b) = -b**2 + 30*b - 1. Let l(d) = -2*h(d) + 7*p(d). Give l(25).
-32
Let k(u) = u**3 - 4*u**2 - 2*u + 6. Let l = 64 - 22. Let o be (-3 - 0)/(18/l). Let a be (8/10)/(o/(-35)). Give k(a).
-2
Let o(g) = 105*g**2 + 3*g - 1. Suppose -69*x = 34 - 103. Calculate o(x).
107
Suppose 106 = 4*z - 3*u + u, z + 5*u - 21 = 0. Let y = z - 8. Suppose 2*p + 4*l = 14, 0 = -3*p + l - 4*l + y. Let x(j) = -j**3 + 5*j**2 - 5. Give x(p).
-5
Let o = -183 + 185. Let g(p) = -24*p**o + 2*p - p**3 - 25*p**2 + 10 + 70*p**2 - 28*p**2. Calculate g(-7).
-4
Let i(f) = -2*f + 14 + 12 + 10 - 27 + f. Suppose 0 = t - 5, t - 21 = -0*b - b. Determine i(b).
-7
Let i(o) be the second derivative of o**5/20 - 4*o**4/3 + o**3/6 + 3*o**2/2 - 1083*o. Determine i(16).
19
Suppose -22 = -2*g + 2*t, -12*g - 1 = -8*g + 5*t. Let x be 3/(-18)*4 + (-50)/g. Let y(o) = -2*o + 2. Determine y(x).
20
Let m(v) be the first derivative of v**4/4 + 13*v**3/3 + 14*v**2 + 9*v + 1764. Determine m(-9).
81
Let p = -3716 - -3711. Let a(u) = u**3 + 6*u**2 + 8. Determine a(p).
33
Suppose -13*s = -37 + 11. Let v(u) = -168*u**2 + u + 326*u**2 - 5*u - 159*u**s - 2. Give v(-2).
2
Let t(k) = 3*k - 1. Suppose 5*i = -h - 29, 0 = -i + 4*h - 14 + 4. Give t(i).
-19
Suppose -17 = -2*y - 5*h, h = -4*y + 4 + 3. Let l(z) be the first derivative of 32 + 0*z**2 - z + 4/3*z**3. Determine l(y).
3
Suppose 38 = 13*i - 53. Let z(c) = -5 - 2*c + i + 3. Determine z(8).
-11
Let u be (-1)/9 + 88/(-18) + 6. Let w(l) = -8*l - 1. Let g(a) = 39*a + 5. Let t(j) = -2*g(j) - 11*w(j). Calculate t(u).
11
Suppose -70*r + 147 + 245 = 126*r. Let m(k) be the second derivative of 0 - 1/6*k**3 - k**r - 8*k. Calculate m(-2).
0
Let n(s) = 9*s**3 - s**2 + 2*s - 1. Let z be n(1). Let x(y) = 2 - 155*y + 71*y + 78*y + 3. Let d(r) = -13*r + 10. Let o(g) = z*x(g) - 4*d(g). Give o(-5).
15
Let y(b) = 4*b + 9. Let r be y(8). Let w = r - 39. Let u(m) = 2 - w*m**2 - 10*m + m + m**3 + 1 - 3*m**2. Determine u(6).
-15
Let g(f) = -4*f**3 + 12*f**2 + 3*f - 5. Let u(b) = -21*b**3 + 67*b**2 + 14*b - 25. Let m(a) = -11*g(a) + 2*u(a). Determine m(3).
62
Let d(t) be the second derivative of 1/24*t**4 - 1/120*